he highest common divisor of 975 and 45.
15
Calculate the greatest common divisor of 738 and 18.
18
What is the highest common factor of 273 and 14?
7
Calculate the greatest common factor of 15 and 34260.
15
Calculate the highest common divisor of 198 and 638.
22
What is the highest common factor of 47 and 235?
47
Calculate the greatest common divisor of 16 and 752.
16
What is the highest common divisor of 2125 and 68?
17
Calculate the highest common divisor of 50 and 4150.
50
Calculate the highest common divisor of 150 and 775.
25
What is the greatest common divisor of 1595 and 1045?
55
Calculate the greatest common divisor of 1053 and 13.
13
Calculate the greatest common divisor of 182 and 91.
91
What is the highest common factor of 167 and 29893?
167
What is the greatest common factor of 66 and 16060?
22
Calculate the greatest common divisor of 64 and 1984.
64
What is the greatest common factor of 300 and 24?
12
What is the highest common divisor of 91 and 91?
91
What is the highest common divisor of 19 and 1748?
19
Calculate the greatest common divisor of 2279 and 86.
43
What is the highest common factor of 40 and 660?
20
Calculate the greatest common factor of 26 and 2951.
13
What is the highest common factor of 8 and 3240?
8
Calculate the highest common divisor of 315 and 35.
35
Calculate the highest common factor of 1221 and 33.
33
Calculate the highest common divisor of 120 and 160.
40
Calculate the greatest common divisor of 110 and 66.
22
What is the greatest common factor of 156 and 2652?
156
What is the greatest common divisor of 23679 and 27?
27
What is the highest common factor of 77 and 517?
11
Calculate the highest common factor of 7705 and 115.
115
What is the highest common divisor of 4033 and 872?
109
Calculate the greatest common divisor of 3858 and 54.
6
What is the greatest common divisor of 132 and 33?
33
Calculate the highest common factor of 12566 and 122.
122
Calculate the greatest common factor of 418 and 152.
38
Calculate the highest common divisor of 208 and 3016.
104
Calculate the greatest common divisor of 354 and 17582.
118
Calculate the greatest common factor of 803 and 99.
11
Calculate the greatest common factor of 13 and 715.
13
What is the greatest common factor of 64 and 176?
16
What is the highest common divisor of 452 and 9?
1
Calculate the highest common divisor of 2060 and 20.
20
What is the greatest common divisor of 1450 and 754?
58
What is the highest common factor of 286 and 23166?
286
What is the greatest common factor of 26 and 325?
13
Calculate the greatest common factor of 4 and 668.
4
What is the greatest common divisor of 2350 and 50?
50
What is the highest common divisor of 15324 and 48?
12
Calculate the greatest common factor of 80 and 128.
16
What is the highest common divisor of 882 and 84?
42
Calculate the greatest common divisor of 252 and 1344.
84
What is the highest common divisor of 160 and 16?
16
What is the highest common factor of 1898 and 146?
146
Calculate the highest common divisor of 19 and 247.
19
Calculate the greatest common factor of 2 and 32.
2
What is the greatest common divisor of 119 and 204?
17
What is the greatest common divisor of 513 and 9291?
57
Calculate the highest common divisor of 162 and 405.
81
What is the highest common divisor of 10 and 410?
10
Calculate the greatest common divisor of 40 and 35.
5
What is the highest common factor of 4015 and 165?
55
What is the highest common divisor of 1764 and 36?
36
Calculate the greatest common divisor of 49 and 3136.
49
What is the greatest common divisor of 2106 and 26?
26
What is the highest common divisor of 16315 and 5?
5
Calculate the highest common factor of 3 and 4.
1
What is the greatest common factor of 52 and 221?
13
What is the highest common divisor of 32 and 2152?
8
Calculate the greatest common factor of 39 and 15041.
13
Calculate the greatest common divisor of 76 and 11134.
38
What is the greatest common divisor of 33 and 57?
3
What is the greatest common divisor of 60 and 320?
20
What is the greatest common divisor of 25 and 175?
25
What is the greatest common divisor of 21 and 49?
7
Calculate the highest common factor of 78 and 1053.
39
Calculate the greatest common divisor of 19 and 23.
1
What is the highest common factor of 176 and 96?
16
What is the highest common divisor of 19910 and 110?
110
Calculate the greatest common divisor of 20 and 55.
5
What is the highest common factor of 592 and 37?
37
Calculate the highest common divisor of 177 and 3.
3
What is the highest common divisor of 35 and 35?
35
Calculate the highest common factor of 567 and 315.
63
Calculate the highest common divisor of 100 and 180.
20
Calculate the highest common factor of 1430 and 2795.
65
Calculate the greatest common factor of 3 and 98.
1
Calculate the highest common factor of 488 and 7625.
61
What is the highest common divisor of 3403 and 83?
83
Calculate the highest common divisor of 1302 and 1344.
42
What is the highest common divisor of 4104 and 1080?
216
Calculate the greatest common factor of 798 and 114.
114
Calculate the greatest common divisor of 2923 and 79.
79
Calculate the greatest common divisor of 28 and 994.
14
What is the greatest common factor of 54 and 558?
18
Calculate the greatest common divisor of 6 and 8868.
6
Calculate the highest common divisor of 3899 and 35.
7
Calculate the highest common factor of 12474 and 324.
162
What is the greatest common factor of 20 and 3510?
10
Calculate the greatest common divisor of 325 and 13.
13
What is the highest common divisor of 403 and 728?
13
Calculate the greatest common factor of 68 and 7786.
34
Calculate the highest common divisor of 432 and 81.
27
What is the highest common divisor of 28 and 336?
28
Calculate the highest common factor of 550 and 44.
22
What is the highest common factor of 1673 and 14?
7
What is the highest common divisor of 406 and 322?
14
What is the greatest common divisor of 2 and 50?
2
Calculate the highest common divisor of 85 and 5.
5
What is the greatest common factor of 1040 and 2960?
80
Calculate the highest common factor of 1770 and 600.
30
What is the highest common factor of 8 and 7?
1
What is the highest common factor of 182 and 520?
26
What is the greatest common factor of 582 and 6?
6
What is the highest common factor of 66 and 77?
11
What is the highest common factor of 216 and 8?
8
What is the greatest common divisor of 682 and 62?
62
Calculate the highest common factor of 84 and 77.
7
What is the highest common divisor of 120 and 60?
60
Calculate the highest common factor of 46 and 1840.
46
What is the highest common factor of 9 and 6849?
9
What is the greatest common divisor of 2839 and 408?
17
Calculate the greatest common factor of 3294 and 244.
122
Calculate the greatest common divisor of 976 and 366.
122
What is the highest common divisor of 4018 and 82?
82
What is the highest common divisor of 40 and 20?
20
What is the highest common factor of 476 and 28?
28
Calculate the greatest common divisor of 2623 and 43.
43
What is the highest common factor of 723 and 6?
3
Calculate the greatest common factor of 644 and 84.
28
Calculate the greatest common divisor of 72 and 32.
8
What is the highest common factor of 41 and 1025?
41
Calculate the greatest common factor of 8838 and 18.
18
What is the greatest common factor of 4277 and 141?
47
Calculate the greatest common factor of 12 and 84.
12
Calculate the highest common divisor of 638 and 22.
22
Calculate the highest common divisor of 93 and 155.
31
What is the greatest common divisor of 285 and 513?
57
What is the greatest common divisor of 2349 and 54?
27
What is the greatest common factor of 110 and 100?
10
What is the greatest common factor of 7010 and 20?
10
What is the highest common factor of 937 and 1?
1
What is the highest common divisor of 9864 and 72?
72
Calculate the highest common divisor of 198 and 6.
6
Calculate the highest common factor of 11 and 99.
11
What is the highest common divisor of 570 and 30?
30
What is the greatest common divisor of 2706 and 165?
33
What is the highest common divisor of 62512 and 16?
16
What is the highest common factor of 105 and 189?
21
Calculate the greatest common factor of 88 and 92.
4
Calculate the greatest common facto